8)/h*8 composite?
True
Let p(h) = -h**2 + 18 + h**3 + h**3 - 3*h**3 - 6*h + 2*h**3. Let w(m) = m**2 - m - 1. Let q(b) = -p(b) - 5*w(b). Is q(-9) a prime number?
True
Suppose -177 = -4*i + 91. Is i composite?
False
Let p = 5 - 3. Let b(h) = -36*h + 3. Let o(j) = -1. Let v(s) = p*o(s) + b(s). Is v(-1) a prime number?
True
Let v = -1445 - -3838. Is v a composite number?
False
Suppose 38 = u + x, 2*x - 162 = -4*u - 0*x. Suppose -k + 34 + u = 0. Is k a composite number?
True
Let u(w) = -103*w + 1. Let p be u(-1). Let l = 178 - p. Is l prime?
False
Let z(b) = b**3 + 6*b**2 + 6*b + 7. Let n be z(-5). Suppose 5*h + 0*q = -q + 57, -h + n*q + 7 = 0. Is h prime?
True
Let x(z) = 5*z**2 - 5*z + 11. Let b(k) = -14*k**2 - 10 - 13 + 3*k**2 + 11*k. Let v(n) = -6*b(n) - 13*x(n). Is v(-6) composite?
False
Let l be (-40)/(-12) - 3/9. Suppose 0 = l*q + 188 - 65. Let m = q - -78. Is m a composite number?
False
Let i be 176/40*(-5)/(-2). Suppose -2*j + i + 227 = 0. Is j prime?
False
Let g be (-2)/3 + 34/6. Suppose 0 = 5*x + 20, 0*y = 4*y - g*x - 40. Suppose 112 = -y*h + 507. Is h prime?
True
Suppose -3*t - 50 - 55 = -3*c, -29 = -c - 5*t. Is c a prime number?
False
Let p(m) = 113*m**2 + m - 1. Is p(-1) prime?
False
Is (6/3)/(2/671) a prime number?
False
Let c(d) = d - 1. Let b(s) = -55*s - 6. Let z(f) = b(f) - 4*c(f). Let u be z(-3). Suppose 4*r = -r + u. Is r prime?
False
Let j(d) = -10*d - 5. Let n be 18/8*8/(-3). Is j(n) prime?
False
Let p be 4/22 - (-210)/55. Is (2/p)/(10/4340) prime?
False
Let m = -18 - -22. Is m*(1 + (-321)/(-6)) a composite number?
True
Suppose -u - 2*u = -222. Let h(q) = q**2 - 3*q + 2. Let n be h(2). Suppose u = -n*a + 2*a. Is a prime?
True
Let p(f) = 10*f**3 - f**2 + 2*f - 1. Is p(4) a composite number?
False
Suppose 0 = j - w - 67, 0 = 3*j - 6*j - w + 205. Suppose 0 = -o + 2*l + 32, -2*o - 2*l + 7*l + j = 0. Is 1 + 8/3*o composite?
True
Let w(p) = -66*p - 31. Is w(-9) prime?
True
Let y = -320 + 733. Is y composite?
True
Let f = 1827 - 1303. Suppose -f = -3*s + 1369. Is s a composite number?
False
Let i(j) = 26*j**2 + 19*j - 1. Is i(10) a composite number?
False
Let b(a) = a + 3. Let u be b(-6). Let x be (-44)/(-12) - (-2)/u. Let o(f) = 4*f**3 - 2*f**2 - f - 4. Is o(x) a prime number?
True
Suppose 7*w - 1145 = 2*w. Is (-4)/(-14) + w/7 prime?
False
Let o be 4*3/6 - 2. Suppose s + 4*v + 12 = 3*s, -3*s - v + 4 = o. Suppose -2*h = s*h - 140. Is h prime?
False
Let d = 266 + 51. Is d composite?
False
Suppose 0 = -0*f - f - 3, 0 = -4*r - 4*f + 276. Let j = r - 23. Is j composite?
True
Suppose -t = -0*i + 5*i - 433, 0 = -3*i - 2*t + 257. Is i a composite number?
True
Let i be (-15)/(-2)*24/15. Let a = 7 + i. Is a a prime number?
True
Let g = 219 - 350. Let i = 382 + g. Is i prime?
True
Let p(j) = j**3 + 7*j**2 - 2*j - 10. Let u be p(-7). Let t be u/(-22) + (-2320)/(-55). Suppose z - t = -2*x, x + 3*z - 38 = -x. Is x a prime number?
False
Let o = 552 + -86. Is o a prime number?
False
Let c = -8 - -12. Suppose -c*m - 5 = 15. Is (-68)/(-10) - 1/m a prime number?
True
Let p = -1 - -5. Suppose -p*y - y = -95. Is y composite?
False
Suppose 2*a - 7 = 5*a - k, -3*k = -3. Is (14/7)/(a/(-39)) prime?
False
Suppose -3*j = 4*a - 1872, -5*j = 2*a + a - 1393. Is a a composite number?
True
Let a(v) = v**3 + v**2 - v + 2. Let i be a(0). Suppose 2*d + 4*f = 462, -3*d + i*d + 3*f + 236 = 0. Is d composite?
False
Let k(b) = -4*b - 1 + 0 + 0*b. Is k(-5) a composite number?
False
Let p(j) = 16*j**2 + 2*j + 3. Let o be p(4). Suppose 2*h - o = -77. Is h a prime number?
False
Let v(i) = 7*i - 8. Let o be v(-8). Let u = 95 + o. Is u prime?
True
Suppose -2*m - 4 = -14, -a + 243 = -2*m. Is a/2 - (-3)/6 a prime number?
True
Suppose -r + 4*r = 12. Suppose -3*d = -4*h - 29, -2*h + 0 - r = 0. Let b = d - 0. Is b a prime number?
True
Let r = 8 + -5. Suppose 2*y + y + r = 0. Is (-1)/(y/55)*1 a composite number?
True
Is ((-2958)/(-18))/((-1)/(-3)) prime?
False
Let i = 2626 - -1021. Is i a prime number?
False
Suppose 4*f + 4 = 16, -2*c + 3*f = -49. Let u = c - 15. Suppose -80 + u = -2*a. Is a a composite number?
True
Suppose 5*h = -13 - 7, -4328 = -4*y - 5*h. Is y a prime number?
True
Let j = -3 + 3. Suppose o + 3*o - 56 = j. Is 2/(-7) - (-690)/o composite?
True
Suppose 4*l = -l + 14875. Suppose o + 4*o = l. Suppose 3*n - 442 = -11*c + 6*c, c - o = -4*n. Is n composite?
False
Is 1517/4 - 9/36 a prime number?
True
Let a(w) = 38*w**2 + 14*w + 13. Is a(-8) a prime number?
True
Suppose 0 = -t - 18 + 212. Suppose -3*p + r + t = 0, 0*r - 4 = -4*r. Let w = p - 12. Is w composite?
False
Let w(f) = -f**3 + 23*f**2 - 26*f + 9. Is w(10) prime?
True
Suppose -5*g = -c + 39, -3*g - g + 16 = 0. Let l = 130 - c. Is l a composite number?
False
Is 13/((-1183)/(-14)) - (-5783)/13 composite?
True
Suppose 6*s = 8*s - 5470. Is s a prime number?
False
Let l = 86 + -324. Let b be 3823/(-9) - (-6)/(-27). Let c = l - b. Is c composite?
True
Let z(g) = 36*g + 1. Is z(1) composite?
False
Let t = 78 + -16. Is t/4 - (-5)/(-10) composite?
True
Let g(z) = -2*z - 2. Suppose -2 = 2*k + 3*k - 2*m, 0 = 4*k + 2*m + 16. Let w be g(k). Let c(u) = 3*u**2 - 2*u + 2. Is c(w) a composite number?
True
Let d = -304 + 515. Let n = -84 + d. Is n prime?
True
Suppose -3 = w - 2, 5*b = -2*w + 3073. Let z = b - 296. Is z prime?
False
Is ((-921)/9)/((-3)/18) prime?
False
Is 4/14 - (-2150)/70 a prime number?
True
Let k be (-13)/39*(0 - -15). Is (-1264)/k + 8/40 a prime number?
False
Suppose -d + 955 = 4*d. Suppose 8 = -4*n, 0*n + 3*n = 5*z - d. Is z composite?
False
Suppose 3*v = 5*q + 1992, 0*v - 2*v + 5*q = -1333. Is v composite?
False
Suppose -5*s + 2*s = -3*q + 1758, 0 = -5*q + 4*s + 2935. Is q a prime number?
False
Let o be -2 + 19 + 0 - 3. Suppose 0 = o*r - 13*r - 89. Is r a prime number?
True
Is 3/(-6) - 822/(-4) a prime number?
False
Let l = -262 + 2165. Is l a prime number?
False
Let r = 8 + -4. Is (2/r)/((-2)/(-148)) composite?
False
Suppose -g - 2*t = 11 + 5, 2*g + 2*t + 24 = 0. Is g/(-28) + 1653/21 prime?
True
Let b be ((-596)/(-8))/((-2)/(-4)). Suppose 3*l - 107 = -3*j - l, 0 = 4*j - l - b. Is j a composite number?
False
Suppose 0 = -5*m - 37 + 7. Let p be 1/1*(m - -2). Is (20 + 2)/(p/(-10)) a prime number?
False
Let b = -5 + 7. Suppose 2*u = -0*u + 318. Is u/2 + (-1)/b prime?
True
Let t = 211 + -140. Is t prime?
True
Let u(n) = 6*n**2 - n - 1. Is u(6) prime?
False
Let z(d) be the third derivative of 19*d**5/60 + d**2. Let o be -3 - (0 + -4) - 0. Is z(o) composite?
False
Let s(w) = w**3 + w**2. Let b(q) = 3*q**3 + 3*q**2 + q + 89. Let v(t) = b(t) - 2*s(t). Is v(0) composite?
False
Suppose -5*v = b - 10242, 10239 = 2*v + 3*v + 2*b. Is v a prime number?
False
Let f(x) = -x**2 + 4*x. Let v be f(3). Suppose 0*r = v*r + 3. Is -2 - (r - -1 - 16) composite?
True
Let z be 2/(-6) - 62/(-6). Let r be (z/(-25))/(1/5). Is r*46/(-4) - 2 a prime number?
False
Let b be (-1)/(1/65 - 0). Let s(n) = -3*n**2 + 5*n. Let y be s(4). Let d = y - b. Is d a prime number?
True
Let f(l) = l**2 + 5*l + 6. Let w be f(-4). Suppose -3*o - 5 - 5 = 5*r, w*o = 2*r + 4. Suppose o*q = -5*q + 155. Is q composite?
False
Let p = 2785 - 1524. Is p composite?
True
Let j be 7/28 + 538/(-8). Let q = j - -120. Is q composite?
False
Let d be 54 + (0 - 0) + 3. Suppose 2*v - 4*l = 138, 4 = v - 4*l - d. Is v prime?
False
Let m be (-3 - -2) + -2 + -119. Let d = -80 - m. Suppose -i - 5*a = -66, -i - 2*a + 5*a = -d. Is i prime?
False
Let h be 3 + (3 + -4)*-2. Let k = h - -1. Is ((-20)/(-3))/(4/k) prime?
False
Suppose 6*r - 3*r - 301 = -2*c, 0 = -3*c - 3*r + 459. Is c a composite number?
True
Let f(s) = s**2 - 6*s - 8. Let i be f(6). Is (-1175)/(-5) - i/2 a prime number?
True
Let b = 13 - 13. Suppose -3*k + 196 + 551 = b. Is k a prime number?
False
Let v be 3/15 + 356/20. Suppose -i = v - 61. Is i composite?
False
Let z be 1/(2*(-2)/28). Let p(g) = -g**2 - 9*g - 7. Let t be p(z). Suppose t = -2*f + 377. Is f a prime number?
False
Let t = 7183 - 4914. Is t prime?
True
Let o = 79 + -153. Let v = o + 24. Let l = v + 75. Is l composite?
True
Let v(k) = k**3 + 2*k**2 - 3*k + 3. Let d be v(-3). Suppose d*l = 7*l - 4. Let t = 16 - l. Is t a composite number?
True
Let t = -867 - -454. Let d = -120 - t. Is d prime?
True
Suppose -v - 4 = -2*v. Suppose v*l - 49 + 241 = 0. Let b =